{"id":84,"date":"2018-10-01T05:39:18","date_gmt":"2018-10-01T02:39:18","guid":{"rendered":"http:\/\/venus-ltd.com\/?page_id=84"},"modified":"2018-10-12T03:40:36","modified_gmt":"2018-10-12T00:40:36","slug":"hakkimizda","status":"publish","type":"page","link":"https:\/\/venus-ltd.com\/index.php\/hakkimizda\/","title":{"rendered":"Stratejik Orta\u011f\u0131n\u0131z"},"content":{"rendered":"<p>&nbsp;<\/p>\n<p class=\"text\"><strong>Ven\u00fcs Serbest Muhasebeci Mali M\u00fc\u015favirlik Limited \u015eirketi<\/strong>, 2004 y\u0131l\u0131nda, uluslararas\u0131 denetim firmalar\u0131nda deneyim kazanm\u0131\u015f olan uzman bir ekip taraf\u0131ndan kurulmu\u015ftur. Gen\u00e7, dinamik ve tecr\u00fcbeli kadrosu ile yerli ve yabanc\u0131 sermayeli \u015firketlere muhasebe, raporlama ve bordro alanlar\u0131nda hizmet vermektedir.<\/p>\n<p class=\"text\">Yabanc\u0131 dil ve yasal mevzuat bilgisi ile denetim firmalar\u0131nda g\u00f6rev alm\u0131\u015f uzman kadrosuyla ba\u015fta yabanc\u0131 sermayeli firmalar olmak \u00fczere t\u00fcm yerli ve yabanc\u0131 \u015firketlere g\u00fcvenilirlik ve profesyonel hizmet anlay\u0131\u015f\u0131 \u00e7er\u00e7evesinde hizmet vermektedir.<\/p>\n<p class=\"text\">Muhasebe, muhasebe destek, yurtd\u0131\u015f\u0131 raporlama, y\u00f6netim raporlamas\u0131, personel ve bordro hizmetlerinde sekt\u00f6rde ihtiya\u00e7 duyulan kalite, gizlilik, g\u00fcvenilirlik, zaman\u0131nda hizmet prensipleri ile m\u00fc\u015fterilerinin stratejik orta\u011f\u0131 konumundad\u0131r.<\/p>\n<p class=\"text\">Detayl\u0131 bilgi i\u00e7in l\u00fctfen <a href=\"\/index.php\/hizmetlerimiz\/\">sundu\u011fumuz hizmetleri<\/a> inceleyiniz. Hert\u00fcrl\u00fc sorunuz i\u00e7in <a href=\"\/index.php\/iletisim\/\">bize dan\u0131\u015fabilirsiniz<\/a>.<\/p>\n","protected":false},"excerpt":{"rendered":"<p>&nbsp; Ven\u00fcs Serbest Muhasebeci Mali M\u00fc\u015favirlik Limited \u015eirketi, 2004 y\u0131l\u0131nda, uluslararas\u0131 denetim firmalar\u0131nda deneyim kazanm\u0131\u015f olan uzman bir ekip taraf\u0131ndan kurulmu\u015ftur. Gen\u00e7, dinamik ve tecr\u00fcbeli kadrosu ile yerli ve yabanc\u0131 sermayeli \u015firketlere muhasebe, raporlama ve bordro alanlar\u0131nda hizmet vermektedir. Yabanc\u0131 dil ve yasal mevzuat bilgisi ile denetim firmalar\u0131nda g\u00f6rev alm\u0131\u015f uzman kadrosuyla ba\u015fta yabanc\u0131 sermayeli &hellip; <\/p>\n<p class=\"link-more\"><a href=\"https:\/\/venus-ltd.com\/index.php\/hakkimizda\/\" class=\"more-link\">Continue reading<span class=\"screen-reader-text\"> &#8220;Stratejik Orta\u011f\u0131n\u0131z&#8221;<\/span><\/a><\/p>\n","protected":false},"author":1,"featured_media":0,"parent":0,"menu_order":0,"comment_status":"closed","ping_status":"closed","template":"","meta":{"footnotes":""},"class_list":["post-84","page","type-page","status-publish","hentry"],"_links":{"self":[{"href":"https:\/\/venus-ltd.com\/index.php\/wp-json\/wp\/v2\/pages\/84","targetHints":{"allow":["GET"]}}],"collection":[{"href":"https:\/\/venus-ltd.com\/index.php\/wp-json\/wp\/v2\/pages"}],"about":[{"href":"https:\/\/venus-ltd.com\/index.php\/wp-json\/wp\/v2\/types\/page"}],"author":[{"embeddable":true,"href":"https:\/\/venus-ltd.com\/index.php\/wp-json\/wp\/v2\/users\/1"}],"replies":[{"embeddable":true,"href":"https:\/\/venus-ltd.com\/index.php\/wp-json\/wp\/v2\/comments?post=84"}],"version-history":[{"count":6,"href":"https:\/\/venus-ltd.com\/index.php\/wp-json\/wp\/v2\/pages\/84\/revisions"}],"predecessor-version":[{"id":129,"href":"https:\/\/venus-ltd.com\/index.php\/wp-json\/wp\/v2\/pages\/84\/revisions\/129"}],"wp:attachment":[{"href":"https:\/\/venus-ltd.com\/index.php\/wp-json\/wp\/v2\/media?parent=84"}],"curies":[{"name":"wp","href":"https:\/\/api.w.org\/{rel}","templated":true}]}}